{"id":6,"date":"2014-01-29T01:14:39","date_gmt":"2014-01-28T23:14:39","guid":{"rendered":"http:\/\/www.motorradclub-bottrop.de\/cms\/?page_id=6"},"modified":"2014-03-07T22:51:55","modified_gmt":"2014-03-07T20:51:55","slug":"impressum","status":"publish","type":"page","link":"http:\/\/www.motorradclub-bottrop.de\/cms\/impressum\/","title":{"rendered":"Impressum"},"content":{"rendered":"<p>Motorrad-Club Bottrop<br \/>\nStenkhoffstr. 119<br \/>\nD-46240 Bottrop<br \/>\nTelefon: +49-2041-45702<br \/>\nInternet: http:\/\/www.motorradclub-bottrop.de<br \/>\nE-Mail : info@motorradclub-bottrop.de<br \/>\nVertretungsberechtigter Gesch\u00e4ftsf\u00fchrer- \/ Pr\u00e4sident: Manfred Sch\u00f6nknecht<\/p>\n<p>Inhaltlich Verantwortlicher gem\u00e4\u00df \u00a7 10 Absatz 3 MDStV: Manfred Sch\u00f6nknecht (Anschrift wie oben)<\/p>\n<p>Urheberrecht:<br \/>\n\u00a9 1980-2014 motorradclub-bottrop.de<br \/>\nAlle Rechte vorbehalten.<\/p>\n<p>Haftungshinweis:<br \/>\nDie Inhalte dieses Webprojektes wurden sorgf\u00e4ltig gepr\u00fcft und nach bestem Wissen erstellt. Aber f\u00fcr die hier dargebotenen Informationen wird kein Anspruch auf Vollst\u00e4ndigkeit, Aktualit\u00e4t, Qualit\u00e4t und Richtigkeit erhoben. Es kann keine Verantwortung f\u00fcr Sch\u00e4den \u00fcbernommen werden, die durch das Vertrauen auf die Inhalte dieser Website oder deren Gebrauch entstehen.<\/p>\n<p>Trotz sorgf\u00e4ltiger inhaltlicher Kontrolle \u00fcbernehmen wir keine Haftung f\u00fcr die Inhalte externer Links. F\u00fcr den Inhalt der verlinkten Seiten sind ausschlie\u00dflich deren Betreiber verantwortlich.<\/p>\n","protected":false},"excerpt":{"rendered":"<p>Motorrad-Club Bottrop Stenkhoffstr. 119 D-46240 Bottrop Telefon: +49-2041-45702 Internet: http:\/\/www.motorradclub-bottrop.de E-Mail : info@motorradclub-bottrop.de Vertretungsberechtigter Gesch\u00e4ftsf\u00fchrer- \/ Pr\u00e4sident: Manfred Sch\u00f6nknecht Inhaltlich Verantwortlicher gem\u00e4\u00df \u00a7 10 Absatz 3 MDStV: Manfred Sch\u00f6nknecht (Anschrift wie oben) Urheberrecht: \u00a9 1980-2014 motorradclub-bottrop.de Alle Rechte vorbehalten. Haftungshinweis: Die Inhalte dieses Webprojektes wurden sorgf\u00e4ltig gepr\u00fcft und nach bestem Wissen erstellt. Aber f\u00fcr die<\/p>\n","protected":false},"author":1,"featured_media":0,"parent":0,"menu_order":10,"comment_status":"closed","ping_status":"open","template":"","meta":{"ngg_post_thumbnail":0,"footnotes":""},"class_list":["post-6","page","type-page","status-publish","hentry"],"aioseo_notices":[],"_links":{"self":[{"href":"http:\/\/www.motorradclub-bottrop.de\/cms\/wp-json\/wp\/v2\/pages\/6","targetHints":{"allow":["GET"]}}],"collection":[{"href":"http:\/\/www.motorradclub-bottrop.de\/cms\/wp-json\/wp\/v2\/pages"}],"about":[{"href":"http:\/\/www.motorradclub-bottrop.de\/cms\/wp-json\/wp\/v2\/types\/page"}],"author":[{"embeddable":true,"href":"http:\/\/www.motorradclub-bottrop.de\/cms\/wp-json\/wp\/v2\/users\/1"}],"replies":[{"embeddable":true,"href":"http:\/\/www.motorradclub-bottrop.de\/cms\/wp-json\/wp\/v2\/comments?post=6"}],"version-history":[{"count":1,"href":"http:\/\/www.motorradclub-bottrop.de\/cms\/wp-json\/wp\/v2\/pages\/6\/revisions"}],"predecessor-version":[{"id":7,"href":"http:\/\/www.motorradclub-bottrop.de\/cms\/wp-json\/wp\/v2\/pages\/6\/revisions\/7"}],"wp:attachment":[{"href":"http:\/\/www.motorradclub-bottrop.de\/cms\/wp-json\/wp\/v2\/media?parent=6"}],"curies":[{"name":"wp","href":"https:\/\/api.w.org\/{rel}","templated":true}]}}